{"id":32,"date":"2016-04-25T08:03:03","date_gmt":"2016-04-25T06:03:03","guid":{"rendered":"http:\/\/atuccukv.preview.infomaniak.com\/?page_id=32"},"modified":"2025-01-28T11:19:29","modified_gmt":"2025-01-28T10:19:29","slug":"biographie","status":"publish","type":"page","link":"https:\/\/www.jura-films.ch\/de\/biographie\/","title":{"rendered":"Lebenslauf"},"content":{"rendered":"<p>Geb. 1937. Diplome als kaufm\u00e4nnische Angestellte und Sportlehrerin. Ab 1972 Assistentin bei Schweizerfilmen und seit 1974 freischaffende Dokumentarfilmemacherin. Freie Mitarbeiterin diverser Filmfestivals. Pr\u00e4sidentin und Mitglied der internationalen Jury des Festivals in Bludenz (\u00d6sterreich 2008, 1997, 1993, 1990) und Mitglied der internationalen oder \u00f6kumenischen Jury der Festivals Bilbao (Spanien 1978), Imola (Italien 1996), San Giovanni Lupatoto (Italien 1997), Oberhausen (Deutschland 2007, 2001). Europa-Delegierte des Filmfestivals Bludenz (\u00d6sterreich)\u00a0 bei der Koordination f\u00fcr Filmfestivals von 1995 bis 1998.<\/p>\n<p>Lehrt\u00e4tigkeit:<br \/>\n2008: Filmlesungen an der &#8222;Haute \u00c9cole fribourgeoise de travail social&#8220; (Hochschule f\u00fcr Sozialarbeit) w\u00e4hrend des Filmfestivals von Fribourg, Schweiz.<br \/>\nWinter 1993\/94: F\u00fchrung eines Kurses &#8222;Kreativit\u00e4t des Filmschaffens f\u00fcr Gefangene der Strafanstalt de la Plaine de l&#8217;Orbe&#8220;, Orbe, Schweiz.<\/p>\n<p>Weiterbildung:<br \/>\n2001: Digitale Werkzeuge f\u00fcr Filmemacher<br \/>\n1999: Seminar &#8222;Character and Story&#8220; mit Robert McKee.<br \/>\n1993: Seminar f\u00fcr Dramaturgie der Decoupage mit Slawomir Idziak.<br \/>\n1993:\u00a0Seminar &#8222;Story-board&#8220; mit Nobert Iborra.<br \/>\n1992 und 1993: Seminare f\u00fcr Schauspielerf\u00fchrung und Regie mit Wojciech Marczewski.<br \/>\n1991:\u00a0Hospitanz f\u00fcr Schauspielerf\u00fchrung bei Heiner Carow (Potsdam) w\u00e4hrend den Dreharbeiten von VERFEHLUNG.<br \/>\n1990: Seminar f\u00fcr Schauspielerf\u00fchrung mit Jeremy Chance.<br \/>\n1981: Stipendium des Deutschen Akademischen Austauschdienstes, K\u00fcnstlerprogramm, Berlin.<\/p>\n<p>Verbandst\u00e4tigkeit:<br \/>\nEhrenmitglied des Verbands Filmregie und Drehbuch Schweiz. 5 Jahre Vorstandsmitglied der Gesellschaft Schweizer Film. 8 Jahre Mitglied der Kommission Foto, Film und Video des Kantons Bern. 15 Jahre aktives Mitglied der Arbeitsgemeinschaft f\u00fcr den Film der Alpinale-Vorarlberg, \u00d6sterreich, 6 Jahre der Kunstkommission der Galerie 2016 in Hauterive, Schweiz.<br \/>\nZur Zeit Mitglied der Verb\u00e4nde SUISSIMAGE, INTERFILM, Bern f\u00fcr den Film.<\/p>\n<p>B\u00fccher \/ Kataloge (Kollektiv):<br \/>\n2007 Histoire du Cin\u00e9ma Suisse 1966 \u2013 2000, unter der Leitung von Herv\u00e9 Dumont und Maria Torajada, Kinemathek der Schweiz, Lausanne, Verlag Gilles Attinger, Hauterive.<\/p>\n<p>2004 Pionni\u00e8res et Cr\u00e9atrices en Suisse romande XIX\u00e8me et XX\u00e8me si\u00e8cles, Dienststelle f\u00fcr die Gleichstellung von Mann und Frau, Verlag Slatkine, CH-Genf.<\/p>\n<p>2002 Cl\u00e9 d&#8217;art, eletronisches Kultur-Jahrbuch des frankophonen Kanton Bern (CH),<\/p>\n<p>2001 doc vision ch, dokumentarfilmschaffende aus der Schweiz, Verlag clandestin, CH-2542 Pieterlen.<\/p>","protected":false},"excerpt":{"rendered":"<p>Geb. 1937. Diplome als kaufm\u00e4nnische Angestellte und Sportlehrerin. Ab 1972 Assistentin bei Schweizerfilmen und seit 1974 freischaffende Dokumentarfilmemacherin. Freie Mitarbeiterin diverser Filmfestivals. Pr\u00e4sidentin und Mitglied der internationalen Jury des Festivals in Bludenz (\u00d6sterreich 2008, 1997, 1993, 1990) und Mitglied der internationalen oder \u00f6kumenischen Jury der Festivals Bilbao (Spanien 1978), Imola (Italien 1996), San Giovanni Lupatoto [&hellip;]<\/p>\n","protected":false},"author":1,"featured_media":0,"parent":0,"menu_order":0,"comment_status":"closed","ping_status":"closed","template":"","meta":{"footnotes":""},"class_list":["post-32","page","type-page","status-publish","hentry"],"_links":{"self":[{"href":"https:\/\/www.jura-films.ch\/de\/wp-json\/wp\/v2\/pages\/32","targetHints":{"allow":["GET"]}}],"collection":[{"href":"https:\/\/www.jura-films.ch\/de\/wp-json\/wp\/v2\/pages"}],"about":[{"href":"https:\/\/www.jura-films.ch\/de\/wp-json\/wp\/v2\/types\/page"}],"author":[{"embeddable":true,"href":"https:\/\/www.jura-films.ch\/de\/wp-json\/wp\/v2\/users\/1"}],"replies":[{"embeddable":true,"href":"https:\/\/www.jura-films.ch\/de\/wp-json\/wp\/v2\/comments?post=32"}],"version-history":[{"count":4,"href":"https:\/\/www.jura-films.ch\/de\/wp-json\/wp\/v2\/pages\/32\/revisions"}],"predecessor-version":[{"id":1366,"href":"https:\/\/www.jura-films.ch\/de\/wp-json\/wp\/v2\/pages\/32\/revisions\/1366"}],"wp:attachment":[{"href":"https:\/\/www.jura-films.ch\/de\/wp-json\/wp\/v2\/media?parent=32"}],"curies":[{"name":"wp","href":"https:\/\/api.w.org\/{rel}","templated":true}]}}

<p>Geb. 1937. Diplome als kaufmännische Angestellte und Sportlehrerin. Ab 1972 Assistentin bei Schweizerfilmen und seit 1974 freischaffende Dokumentarfilmemacherin. Freie Mitarbeiterin diverser Filmfestivals. Präsidentin und Mitglied der internationalen Jury des Festivals in Bludenz (Österreich 2008, 1997, 1993, 1990) und Mitglied der internationalen oder ökumenischen Jury der Festivals Bilbao (Spanien 1978), Imola (Italien 1996), San Giovanni Lupatoto (Italien 1997), Oberhausen (Deutschland 2007, 2001). Europa-Delegierte des Filmfestivals Bludenz (Österreich)  bei der Koordination für Filmfestivals von 1995 bis 1998.</p>
<p>Lehrtätigkeit:<br />
2008: Filmlesungen an der &#8222;Haute École fribourgeoise de travail social&#8220; (Hochschule für Sozialarbeit) während des Filmfestivals von Fribourg, Schweiz.<br />
Winter 1993/94: Führung eines Kurses &#8222;Kreativität des Filmschaffens für Gefangene der Strafanstalt de la Plaine de l&#8217;Orbe&#8220;, Orbe, Schweiz.</p>
<p>Weiterbildung:<br />
2001: Digitale Werkzeuge für Filmemacher<br />
1999: Seminar &#8222;Character and Story&#8220; mit Robert McKee.<br />
1993: Seminar für Dramaturgie der Decoupage mit Slawomir Idziak.<br />
1993: Seminar &#8222;Story-board&#8220; mit Nobert Iborra.<br />
1992 und 1993: Seminare für Schauspielerführung und Regie mit Wojciech Marczewski.<br />
1991: Hospitanz für Schauspielerführung bei Heiner Carow (Potsdam) während den Dreharbeiten von VERFEHLUNG.<br />
1990: Seminar für Schauspielerführung mit Jeremy Chance.<br />
1981: Stipendium des Deutschen Akademischen Austauschdienstes, Künstlerprogramm, Berlin.</p>
<p>Verbandstätigkeit:<br />
Ehrenmitglied des Verbands Filmregie und Drehbuch Schweiz. 5 Jahre Vorstandsmitglied der Gesellschaft Schweizer Film. 8 Jahre Mitglied der Kommission Foto, Film und Video des Kantons Bern. 15 Jahre aktives Mitglied der Arbeitsgemeinschaft für den Film der Alpinale-Vorarlberg, Österreich, 6 Jahre der Kunstkommission der Galerie 2016 in Hauterive, Schweiz.<br />
Zur Zeit Mitglied der Verbände SUISSIMAGE, INTERFILM, Bern für den Film.</p>
<p>Bücher / Kataloge (Kollektiv):<br />
2007 Histoire du Cinéma Suisse 1966 – 2000, unter der Leitung von Hervé Dumont und Maria Torajada, Kinemathek der Schweiz, Lausanne, Verlag Gilles Attinger, Hauterive.</p>
<p>2004 Pionnières et Créatrices en Suisse romande XIXème et XXème siècles, Dienststelle für die Gleichstellung von Mann und Frau, Verlag Slatkine, CH-Genf.</p>
<p>2002 Clé d&#8217;art, eletronisches Kultur-Jahrbuch des frankophonen Kanton Bern (CH),</p>
<p>2001 doc vision ch, dokumentarfilmschaffende aus der Schweiz, Verlag clandestin, CH-2542 Pieterlen.</p>

<p>Geb. 1937. Diplome als kaufmännische Angestellte und Sportlehrerin. Ab 1972 Assistentin bei Schweizerfilmen und seit 1974 freischaffende Dokumentarfilmemacherin. Freie Mitarbeiterin diverser Filmfestivals. Präsidentin und Mitglied der internationalen Jury des Festivals in Bludenz (Österreich 2008, 1997, 1993, 1990) und Mitglied der internationalen oder ökumenischen Jury der Festivals Bilbao (Spanien 1978), Imola (Italien 1996), San Giovanni Lupatoto [&hellip;]</p>
